00
What is 1 (base 5) in base 3?
1
Convert 1 (base 14) to base 12.
1
Convert 0 (base 3) to base 12.
0
What is 27 (base 12) in base 2?
11111
-8 (base 15) to base 8
-10
Convert 3 (base 15) to base 6.
3
Convert -17 (base 14) to base 11.
-1a
34 (base 8) to base 11
26
-8 (base 13) to base 5
-13
-10 (base 9) to base 6
-13
-1112 (base 3) to base 6
-105
Convert -5 (base 8) to base 12.
-5
Convert -23 (base 9) to base 14.
-17
What is -2212 (base 4) in base 8?
-246
What is 26 (base 11) in base 8?
34
-11011101 (base 2) to base 11
-191
Convert -14 (base 14) to base 11.
-17
Convert 221 (base 4) to base 8.
51
a9 (base 13) to base 7
256
3 (base 13) to base 15
3
Convert 10 (base 4) to base 5.
4
10 (base 3) to base 12
3
What is 30 (base 6) in base 5?
33
Convert 10 (base 6) to base 7.
6
-6 (base 10) to base 14
-6
1 (base 8) to base 14
1
-2 (base 10) to base 9
-2
What is b (base 16) in base 9?
12
Convert 26 (base 16) to base 9.
42
What is 51 (base 9) in base 8?
56
4 (base 10) to base 13
4
62 (base 10) to base 6
142
What is 0 (base 13) in base 7?
0
What is -13 (base 6) in base 10?
-9
What is -21 (base 14) in base 12?
-25
Convert -102 (base 7) to base 6.
-123
-200 (base 5) to base 14
-38
What is -205 (base 12) in base 2?
-100100101
Convert -10 (base 13) to base 14.
-d
Convert -2 (base 16) to base 3.
-2
Convert 44 (base 8) to base 4.
210
What is -2b (base 12) in base 16?
-23
What is a (base 14) in base 3?
101
-10 (base 2) to base 15
-2
-9 (base 14) to base 13
-9
What is 2 (base 11) in base 2?
10
1 (base 8) to base 15
1
What is -31 (base 9) in base 8?
-34
What is 11 (base 9) in base 2?
1010
What is -1000 (base 2) in base 8?
-10
What is -4 (base 8) in base 6?
-4
Convert 43 (base 14) to base 11.
54
What is -a (base 11) in base 12?
-a
2 (base 4) to base 16
2
-4 (base 15) to base 3
-11
What is 2 (base 8) in base 16?
2
What is 117 (base 8) in base 3?
2221
Convert 1 (base 2) to base 5.
1
Convert 1 (base 15) to base 4.
1
Convert -101 (base 7) to base 4.
-302
-11 (base 2) to base 5
-3
0 (base 16) to base 9
0
Convert 40 (base 8) to base 11.
2a
What is 3 (base 11) in base 9?
3
What is -13 (base 5) in base 8?
-10
Convert 311 (base 4) to base 6.
125
What is -73 (base 16) in base 5?
-430
Convert 9e (base 16) to base 15.
a8
-22121 (base 3) to base 4
-3220
0 (base 15) to base 3
0
Convert -8f (base 16) to base 15.
-98
What is -1 (base 9) in base 10?
-1
Convert 156 (base 8) to base 16.
6e
17 (base 16) to base 10
23
What is -32 (base 12) in base 2?
-100110
Convert -13 (base 14) to base 5.
-32
-4 (base 8) to base 10
-4
What is -5 (base 16) in base 10?
-5
What is 15 (base 13) in base 6?
30
What is 4 (base 13) in base 16?
4
Convert -102 (base 4) to base 9.
-20
What is 5 (base 6) in base 12?
5
-353 (base 7) to base 12
-135
a (base 12) to base 6
14
Convert 51 (base 7) to base 16.
24
What is -3 (base 5) in base 4?
-3
What is -12 (base 6) in base 15?
-8
Convert -21 (base 14) to base 16.
-1d
Convert -5 (base 14) to base 13.
-5
What is -10 (base 5) in base 13?
-5
Convert -1231 (base 4) to base 16.
-6d
What is -44 (base 12) in base 7?
-103
What is 77 (base 13) in base 6?
242
Convert 4 (base 8) to base 2.
100
-25 (base 6) to base 5
-32
What is 40 (base 9) in base 16?
24
What is -9 (base 15) in base 6?
-13
What is 21202 (base 3) in base 15?
de
Convert -94 (base 11) to base 8.
-147
-2 (base 5) to base 6
-2
12d (base 15) to base 13
178
Convert 3 (base 4) to base 11.
3
Convert -11 (base 7) to base 12.
-8
-8 (base 14) to base 9
-8
Convert 15 (base 7) to base 9.
13
What is -110 (base 8) in base 2?
-1001000
-8 (base 14) to base 15
-8
-23 (base 5) to base 13
-10
What is 2 (base 7) in base 15?
2
-142 (base 5) to base 9
-52
-a (base 15) to base 10
-10
-8 (base 13) to base 8
-10
1 (base 5) to base 2
1
Convert -51 (base 7) to base 12.
-30
11112 (base 3) to base 2
1111010
-2 (base 10) to base 15
-2
Convert -20 (base 12) to base 14.
-1a
Convert 1b (base 14) to base 9.
27
What is -2220 (base 3) in base 12?
-66
What is 2e (base 15) in base 5?
134
47 (base 12) to base 15
3a
Convert 2 (base 13) to base 11.
2
Convert -13 (base 6) to base 7.
-12
What is -62 (base 12) in base 6?
-202
What is -255 (base 8) in base 15?
-b8
Convert -3a (base 11) to base 15.
-2d
What is 53 (base 7) in base 4?
212
What is 10 (base 5) in base 2?
101
What is 1 (base 4) in base 8?
1
What is -23 (base 11) in base 15?
-1a
Convert 159 (base 14) to base 15.
135
-267 (base 10) to base 3
-100220
What is -44 (base 10) in base 2?
-101100
What is 5 (base 12) in base 14?
5
8 (base 13) to base 6
12
Convert 0 (base 12) to base 13.
0
Convert 1 (base 12) to base 15.
1
What is -33 (base 10) in base 5?
-113
Convert -34 (base 10) to base 9.
-37
-2 (base 16) to base 4
-2
What is -3 (base 12) in base 14?
-3
Convert -2 (base 10) to base 2.
-10
Convert -10 (base 4) to base 16.
-4
Convert a7 (base 15) to base 8.
235
-211 (base 3) to base 13
-19
What is 120 (base 3) in base 5?
30
What is 3 (base 15) in base 13?
3
25 (base 14) to base 8
41
-11 (base 13) to base 11
-13
4 (base 6) to base 2
100
-42 (base 5) to base 14
-18
4 (base 15) to base 11
4
19 (base 13) to base 2
10110
Convert 0 (base 11) to base 2.
0
Convert 206 (base 8) to base 6.
342
What is 0 (base 14) in base 7?
0
-2 (base 14) to base 15
-2
What is -a9 (base 13) in base 4?
-2023
What is 1 (base 13) in base 7?
1
-13 (base 7) to base 8
-12
What is 12 (base 8) in base 14?
a
Convert 2 (base 4) to base 9.
2
What is -2 (base 6) in base 10?
-2
What is a (base 14) in base 13?
a
Convert -11 (base 6) to base 15.
-7
11d (base 16) to base 14
165
Convert 354 (base 9) to base 12.
204
Convert 15 (base 11) to base 15.
11
What is -10001 (base 2) in base 16?
-11
-21221 (base 3) to base 4
-3112
What is -1 (base 10) in base 5?
-1
Convert 17 (base 16) to base 14.
19
Convert -25 (base 13) to base 3.
-1011
What is 424 (base 5) in base 8?
162
-126 (base 11) to base 14
-a9
Convert -3 (base 6) to base 2.
-11
What is -6 (base 16) in base 5?
-11
What is -200 (base 6) in base 10?
-72
-313 (base 4) to base 3
-2001
What is -6 (base 16) in base 3?
-20
Convert 2 (base 5) to base 12.
2
Convert 3 (base 16) to base 13.
3
-8 (base 15) to base 12
-8
-4 (base 13) to base 8
-4
Convert 10 (base 6) to base 12.
6
What is 11 (base 5) in base 12?
6
-210 (base 3) to base 8
-25
Convert -321 (base 4) to base 2.
-111001
Convert -4 (base 7) to base 3.
-11
What is 14 (base 13) in base 11?
16
Convert -3 (base 12) to base 5.
-3
15 (base 11) to base 2
10000
What is 5 (base 16) in base 2?
101
-5 (base 15) to base 10
-5
3 (base 4) to base 12
3
What is -58 (base 10) in base 13?
-46
What is 1212 (base 3) in base 7?
101
What is -150 (base 9) in base 5?
-1001
Convert -3011 (base 4) to base 14.
-101
Convert -7d (base 16) to base 13.
-98
Convert -1 (base 3) to base 4.
-1
What is 5 (base 8) in base 7?
5
Convert -5 (base 12) to base 14.
-5
What is 1 (base 10) in base 13?
1
Convert 2 (base 7) to base 8.
2
What is 13 (base 6) in base 2?
1001
What is 351 (base 7) in base 16?
b7
Convert -5a (base 16) to base 3.
-10100
What is 62 (base 13) in base 11?
73
Convert 2 (base 10) to base 16.
2
What is 1 (base 14) in base 4?
1
11 (base 5) to base 13
6
-1 (base 4) to base 2
-1
Convert -100 (base 4) to base 7.
-22
Convert 2 (base 6) to base 12.
2
Convert a2 (base 14) to base 9.
167
Convert 1011111 (base 2) to base 16.
5f
Convert -2 (base 15) to base 7.
-2
Convert 23 (base 14) to base 5.
111
What is 37 (base 15) in base 11?
48
What is -55 (base 11) in base 8?
-74
Convert 225 (base 9) to base 8.
271
What is -36 (base 16) in base 15?
-39
What is 1 (base 8) in base 10?
1
Convert -6c (base 13) to base 7.
-156
-134 (base 9) to base 16
-70
79 (base 16) to base 3
11111
-3 (base 7) to base 5
-3
What is -12 (base 3) in base 2?
-101
What is 185 (base 12) in base 4?
3311
4 (base 12) to base 8
4
Convert 3 (base 7) to base 10.
3
Convert 100110 (base 2) to base 16.
26
Convert -47 (base 8) to base 4.
-213
What is c (base 16) in base 12?
10
Convert 2 (base 16) to base 2.
10
1 (base 4) to base 8
1
Convert 6 (base 7) to base 11.
6
What is -40 (base 5) in base 4?
-110
-97 (base 15) to base 13
-ac
11 (base 11) to base 13
c
Convert -1011 (base 3) to base 16.
-1f
What is 2 (base 12) in base 3?
2
Convert -2 (base 11) to base 3.
-2
Convert 15 (base 9) to base 4.
32
-134 (base 7) to base 16
-4a
What is